{"id":4028,"date":"2024-05-06T11:07:29","date_gmt":"2024-05-06T14:07:29","guid":{"rendered":"https:\/\/cmsf.sms.fortaleza.ce.gov.br\/?page_id=4028"},"modified":"2024-08-26T09:10:25","modified_gmt":"2024-08-26T12:10:25","slug":"1a-cmgtes","status":"publish","type":"page","link":"https:\/\/cmsf.sms.fortaleza.ce.gov.br\/?page_id=4028","title":{"rendered":"2\u00aa CMGTES"},"content":{"rendered":"\n<figure class=\"wp-block-image size-large is-resized\"><a href=\"https:\/\/drive.google.com\/file\/d\/17Y2jB8bLSo5m13T2hsOGnj5MNPa-sinh\/view?usp=sharing\"><img decoding=\"async\" loading=\"lazy\" src=\"https:\/\/cmsf.sms.fortaleza.ce.gov.br\/wp-content\/uploads\/2024\/08\/rf-1024x333.png\" alt=\"\" class=\"wp-image-4238\" width=\"443\" height=\"144\" srcset=\"https:\/\/cmsf.sms.fortaleza.ce.gov.br\/wp-content\/uploads\/2024\/08\/rf-1024x333.png 1024w, https:\/\/cmsf.sms.fortaleza.ce.gov.br\/wp-content\/uploads\/2024\/08\/rf-300x98.png 300w, https:\/\/cmsf.sms.fortaleza.ce.gov.br\/wp-content\/uploads\/2024\/08\/rf-768x250.png 768w, https:\/\/cmsf.sms.fortaleza.ce.gov.br\/wp-content\/uploads\/2024\/08\/rf-1536x499.png 1536w, https:\/\/cmsf.sms.fortaleza.ce.gov.br\/wp-content\/uploads\/2024\/08\/rf-2048x666.png 2048w\" sizes=\"(max-width: 443px) 100vw, 443px\" \/><\/a><\/figure>\n\n\n\n<figure class=\"wp-block-image size-large is-resized\"><a href=\"https:\/\/drive.google.com\/file\/d\/1l0eoIgvtWhH3ddU-z3wpMDcG_Ae6SgVl\/view\"><img decoding=\"async\" loading=\"lazy\" src=\"https:\/\/cmsf.sms.fortaleza.ce.gov.br\/wp-content\/uploads\/2024\/08\/Regimento-1024x333.png\" alt=\"\" class=\"wp-image-4233\" width=\"443\" height=\"144\" srcset=\"https:\/\/cmsf.sms.fortaleza.ce.gov.br\/wp-content\/uploads\/2024\/08\/Regimento-1024x333.png 1024w, https:\/\/cmsf.sms.fortaleza.ce.gov.br\/wp-content\/uploads\/2024\/08\/Regimento-300x98.png 300w, https:\/\/cmsf.sms.fortaleza.ce.gov.br\/wp-content\/uploads\/2024\/08\/Regimento-768x250.png 768w, https:\/\/cmsf.sms.fortaleza.ce.gov.br\/wp-content\/uploads\/2024\/08\/Regimento-1536x499.png 1536w, https:\/\/cmsf.sms.fortaleza.ce.gov.br\/wp-content\/uploads\/2024\/08\/Regimento-2048x666.png 2048w\" sizes=\"(max-width: 443px) 100vw, 443px\" \/><\/a><\/figure>\n\n\n\n<figure class=\"wp-block-image size-large is-resized\"><a href=\"https:\/\/cmsf.sms.fortaleza.ce.gov.br\/wp-content\/uploads\/2024\/05\/PROGRAMACAO-1.pdf\"><img decoding=\"async\" loading=\"lazy\" src=\"https:\/\/cmsf.sms.fortaleza.ce.gov.br\/wp-content\/uploads\/2024\/08\/Programacao-1024x333.png\" alt=\"\" class=\"wp-image-4232\" width=\"442\" height=\"144\" srcset=\"https:\/\/cmsf.sms.fortaleza.ce.gov.br\/wp-content\/uploads\/2024\/08\/Programacao-1024x333.png 1024w, https:\/\/cmsf.sms.fortaleza.ce.gov.br\/wp-content\/uploads\/2024\/08\/Programacao-300x98.png 300w, https:\/\/cmsf.sms.fortaleza.ce.gov.br\/wp-content\/uploads\/2024\/08\/Programacao-768x250.png 768w, https:\/\/cmsf.sms.fortaleza.ce.gov.br\/wp-content\/uploads\/2024\/08\/Programacao-1536x499.png 1536w, https:\/\/cmsf.sms.fortaleza.ce.gov.br\/wp-content\/uploads\/2024\/08\/Programacao-2048x666.png 2048w\" sizes=\"(max-width: 442px) 100vw, 442px\" \/><\/a><\/figure>\n\n\n\n<figure class=\"wp-block-image size-large is-resized\"><a href=\"https:\/\/cmsf.sms.fortaleza.ce.gov.br\/wp-content\/uploads\/2024\/05\/Manual-Participante-1a-CMGTES.pdf\"><img decoding=\"async\" loading=\"lazy\" src=\"https:\/\/cmsf.sms.fortaleza.ce.gov.br\/wp-content\/uploads\/2024\/08\/manual-1024x333.png\" alt=\"\" class=\"wp-image-4231\" width=\"443\" height=\"144\" srcset=\"https:\/\/cmsf.sms.fortaleza.ce.gov.br\/wp-content\/uploads\/2024\/08\/manual-1024x333.png 1024w, https:\/\/cmsf.sms.fortaleza.ce.gov.br\/wp-content\/uploads\/2024\/08\/manual-300x98.png 300w, https:\/\/cmsf.sms.fortaleza.ce.gov.br\/wp-content\/uploads\/2024\/08\/manual-768x250.png 768w, https:\/\/cmsf.sms.fortaleza.ce.gov.br\/wp-content\/uploads\/2024\/08\/manual-1536x499.png 1536w, https:\/\/cmsf.sms.fortaleza.ce.gov.br\/wp-content\/uploads\/2024\/08\/manual-2048x666.png 2048w\" sizes=\"(max-width: 443px) 100vw, 443px\" \/><\/a><\/figure>\n\n\n\n<figure class=\"wp-block-image size-large is-resized\"><a href=\"https:\/\/cmsf.sms.fortaleza.ce.gov.br\/wp-content\/uploads\/2024\/05\/Documento-orientador.pdf\"><img decoding=\"async\" loading=\"lazy\" src=\"https:\/\/cmsf.sms.fortaleza.ce.gov.br\/wp-content\/uploads\/2024\/08\/dO-1024x333.png\" alt=\"\" class=\"wp-image-4229\" width=\"442\" height=\"144\" srcset=\"https:\/\/cmsf.sms.fortaleza.ce.gov.br\/wp-content\/uploads\/2024\/08\/dO-1024x333.png 1024w, https:\/\/cmsf.sms.fortaleza.ce.gov.br\/wp-content\/uploads\/2024\/08\/dO-300x98.png 300w, https:\/\/cmsf.sms.fortaleza.ce.gov.br\/wp-content\/uploads\/2024\/08\/dO-768x250.png 768w, https:\/\/cmsf.sms.fortaleza.ce.gov.br\/wp-content\/uploads\/2024\/08\/dO-1536x499.png 1536w, https:\/\/cmsf.sms.fortaleza.ce.gov.br\/wp-content\/uploads\/2024\/08\/dO-2048x666.png 2048w\" sizes=\"(max-width: 442px) 100vw, 442px\" \/><\/a><\/figure>\n\n\n\n<figure class=\"wp-block-image size-large is-resized\"><a href=\"https:\/\/cmsf.sms.fortaleza.ce.gov.br\/wp-content\/uploads\/2024\/06\/LISTAGEM-FINAL.pdf\"><img decoding=\"async\" loading=\"lazy\" src=\"https:\/\/cmsf.sms.fortaleza.ce.gov.br\/wp-content\/uploads\/2024\/08\/eleitos-1024x333.png\" alt=\"\" class=\"wp-image-4230\" width=\"440\" height=\"143\" srcset=\"https:\/\/cmsf.sms.fortaleza.ce.gov.br\/wp-content\/uploads\/2024\/08\/eleitos-1024x333.png 1024w, https:\/\/cmsf.sms.fortaleza.ce.gov.br\/wp-content\/uploads\/2024\/08\/eleitos-300x98.png 300w, https:\/\/cmsf.sms.fortaleza.ce.gov.br\/wp-content\/uploads\/2024\/08\/eleitos-768x250.png 768w, https:\/\/cmsf.sms.fortaleza.ce.gov.br\/wp-content\/uploads\/2024\/08\/eleitos-1536x499.png 1536w, https:\/\/cmsf.sms.fortaleza.ce.gov.br\/wp-content\/uploads\/2024\/08\/eleitos-2048x666.png 2048w\" sizes=\"(max-width: 440px) 100vw, 440px\" \/><\/a><\/figure>\n\n\n\n<figure class=\"wp-block-image size-large is-resized\"><a href=\"#\"><img decoding=\"async\" loading=\"lazy\" src=\"https:\/\/cmsf.sms.fortaleza.ce.gov.br\/wp-content\/uploads\/2024\/08\/certificados-1024x333.png\" alt=\"\" class=\"wp-image-4228\" width=\"440\" height=\"143\" srcset=\"https:\/\/cmsf.sms.fortaleza.ce.gov.br\/wp-content\/uploads\/2024\/08\/certificados-1024x333.png 1024w, https:\/\/cmsf.sms.fortaleza.ce.gov.br\/wp-content\/uploads\/2024\/08\/certificados-300x98.png 300w, https:\/\/cmsf.sms.fortaleza.ce.gov.br\/wp-content\/uploads\/2024\/08\/certificados-768x250.png 768w, https:\/\/cmsf.sms.fortaleza.ce.gov.br\/wp-content\/uploads\/2024\/08\/certificados-1536x499.png 1536w, https:\/\/cmsf.sms.fortaleza.ce.gov.br\/wp-content\/uploads\/2024\/08\/certificados-2048x666.png 2048w\" sizes=\"(max-width: 440px) 100vw, 440px\" \/><\/a><\/figure>\n\n\n<p>Segue abaixo a listagem das certifica\u00e7\u00f5es, cabe-nos informar que, os nomes est\u00e3o em ordem alfab\u00e9tica e enumerados, caso seu nome n\u00e3o esteja presente nos certificados, entre em contato por e-mail: cmsf-ce@sms.fortaleza.ce.gov.br .<\/p>\n<p><a href=\"https:\/\/drive.google.com\/drive\/folders\/1JA30YEgWFmzCrsz1ynEQip0xjF39manN?usp=sharing\">Delegados<\/a><\/p>\n<p><a href=\"https:\/\/drive.google.com\/drive\/folders\/1zCZa78EY4Y5nEna9SK1zfrmc8Kl_Lyhm?usp=sharing\">Convidados<\/a><\/p>\n<p><a href=\"https:\/\/drive.google.com\/drive\/folders\/1bxdQERxuVoYvjyj_ESabYt0m0fj2Jc89?usp=sharing\">Organiza\u00e7\u00e3o<\/a><\/p>\n<p><a href=\"https:\/\/drive.google.com\/drive\/folders\/1YUw4UZ-a0-YlWLdfFRE0-njXNjUsR0PP?usp=sharing\">Relatoria<\/a><\/p>","protected":false},"excerpt":{"rendered":"<p>Segue abaixo a listagem das certifica\u00e7\u00f5es, cabe-nos informar que, os nomes est\u00e3o em ordem alfab\u00e9tica e enumerados, caso seu nome n\u00e3o esteja presente nos certificados, entre em contato por e-mail: cmsf-ce@sms.fortaleza.ce.gov.br . Delegados Convidados Organiza\u00e7\u00e3o Relatoria<\/p>\n","protected":false},"author":2,"featured_media":0,"parent":0,"menu_order":0,"comment_status":"closed","ping_status":"closed","template":"","meta":[],"_links":{"self":[{"href":"https:\/\/cmsf.sms.fortaleza.ce.gov.br\/index.php?rest_route=\/wp\/v2\/pages\/4028"}],"collection":[{"href":"https:\/\/cmsf.sms.fortaleza.ce.gov.br\/index.php?rest_route=\/wp\/v2\/pages"}],"about":[{"href":"https:\/\/cmsf.sms.fortaleza.ce.gov.br\/index.php?rest_route=\/wp\/v2\/types\/page"}],"author":[{"embeddable":true,"href":"https:\/\/cmsf.sms.fortaleza.ce.gov.br\/index.php?rest_route=\/wp\/v2\/users\/2"}],"replies":[{"embeddable":true,"href":"https:\/\/cmsf.sms.fortaleza.ce.gov.br\/index.php?rest_route=%2Fwp%2Fv2%2Fcomments&post=4028"}],"version-history":[{"count":27,"href":"https:\/\/cmsf.sms.fortaleza.ce.gov.br\/index.php?rest_route=\/wp\/v2\/pages\/4028\/revisions"}],"predecessor-version":[{"id":4240,"href":"https:\/\/cmsf.sms.fortaleza.ce.gov.br\/index.php?rest_route=\/wp\/v2\/pages\/4028\/revisions\/4240"}],"wp:attachment":[{"href":"https:\/\/cmsf.sms.fortaleza.ce.gov.br\/index.php?rest_route=%2Fwp%2Fv2%2Fmedia&parent=4028"}],"curies":[{"name":"wp","href":"https:\/\/api.w.org\/{rel}","templated":true}]}}