{"id":3584,"date":"2023-07-05T15:14:39","date_gmt":"2023-07-05T18:14:39","guid":{"rendered":"https:\/\/cmsf.sms.fortaleza.ce.gov.br\/?page_id=3584"},"modified":"2024-04-10T09:38:35","modified_gmt":"2024-04-10T12:38:35","slug":"contratos-de-gestao","status":"publish","type":"page","link":"https:\/\/cmsf.sms.fortaleza.ce.gov.br\/?page_id=3584","title":{"rendered":"Contratos de Gest\u00e3o"},"content":{"rendered":"<p>Os dados e materiais apresentados a seguir s\u00e3o do Portal da Transpar\u00eancia da Prefeitura Municipal de Fortaleza. Destacamos que, o material disponibilizado a seguir ser\u00e1 analisado pelas Comiss\u00f5es do CMSF para posterior encaminhamentos. <strong>(Em processo de atualiza\u00e7\u00e3o) <\/strong><\/p>\n<p>Contrato de Gest\u00e3o \u00e9 um instrumento que permite ao Poder P\u00fablico contratar \u00f3rg\u00e3os da administra\u00e7\u00e3o direta, indireta e entidades privadas, tamb\u00e9m conhecidas como OS\u00b4s, para a presta\u00e7\u00e3o de servi\u00e7o, conforme artigo 37, \u00a78\u00b0 da Constitui\u00e7\u00e3o Federal. Esse modelo de administra\u00e7\u00e3o possibilita \u00e0s entidades a autonomia gerencial, or\u00e7ament\u00e1ria e financeira, atribuindo obriga\u00e7\u00f5es quanto a seus objetivos estrat\u00e9gicos, metas e prazos a serem cumpridos, garantindo a efici\u00eancia administrativa.<\/p>\n<p><strong>Contrato de Gest\u00e3o n\u00ba 001\/2016 &#8211; Secretaria Municipal da Sa\u00fade (SMS)\/Instituto de Sa\u00fade e Gest\u00e3o Hospitalar (ISGH)<\/strong><\/p>\n<p><em>Executa as atividades de sa\u00fade nas UPAS do Jangurussu, Itaperi e Cristo Redentor<\/em><\/p>\n<ol>\n<li><a href=\"https:\/\/transparencia.fortaleza.ce.gov.br\/index.php\/contrato\/showLinksContratoDeGestao\/contratoAditivo\/201601\/saude\">Contrato de Gest\u00e3o e Aditivos<\/a><\/li>\n<li><a href=\"https:\/\/transparencia.fortaleza.ce.gov.br\/index.php\/contrato\/showLinksContratoDeGestao\/extratos\/201601\/saude\">Extratos<\/a><\/li>\n<li><a href=\"https:\/\/transparencia.fortaleza.ce.gov.br\/index.php\/contrato\/showLinksContratoDeGestao\/relatorioMetas\/201601\/saude\">Relat\u00f3rio de Metas<\/a><\/li>\n<li><a href=\"https:\/\/transparencia.fortaleza.ce.gov.br\/index.php\/contrato\/showLinksContratoDeGestao\/documentosProcessoContratacao\/201601\/saude\">Documentos do Processo de Contrata\u00e7\u00e3o<\/a><\/li>\n<li><a href=\"https:\/\/transparencia.fortaleza.ce.gov.br\/index.php\/contrato\/showLinksContratoDeGestao\/analisePrestacoesConta\/201601\/saude\">An\u00e1lise das presta\u00e7\u00f5es de contas<\/a><\/li>\n<\/ol>\n<p><strong>Contrato de Gest\u00e3o n\u00ba 002\/2016 &#8211; Secretaria Municipal da Sa\u00fade (SMS)\/Funda\u00e7\u00e3o Leandro Bezerra de Menezes (FLBM) &#8211; <span style=\"color: #ff6600;\">Finalizando<\/span><\/strong><\/p>\n<p><em>Executa as atividades de sa\u00fade nas UPAS da Vila Velha e Bom Jardim<\/em><\/p>\n<ol>\n<li><a href=\"https:\/\/transparencia.fortaleza.ce.gov.br\/index.php\/contrato\/showLinksContratoDeGestao\/contratoAditivo\/201602\/saude\">Contrato de Gest\u00e3o e Aditivos<\/a><\/li>\n<li><a href=\"https:\/\/transparencia.fortaleza.ce.gov.br\/index.php\/contrato\/showLinksContratoDeGestao\/extratos\/201602\/saude\">Extratos<\/a><\/li>\n<li><a href=\"https:\/\/transparencia.fortaleza.ce.gov.br\/index.php\/contrato\/showLinksContratoDeGestao\/relatorioMetas\/201602\/saude\">Relat\u00f3rio de Metas<\/a><\/li>\n<li><a href=\"https:\/\/transparencia.fortaleza.ce.gov.br\/index.php\/contrato\/showLinksContratoDeGestao\/documentosProcessoContratacao\/201602\/saude\">Documentos do Processo de Contrata\u00e7\u00e3o<\/a><\/li>\n<li><a href=\"https:\/\/transparencia.fortaleza.ce.gov.br\/index.php\/contrato\/showLinksContratoDeGestao\/analisePrestacoesConta\/201602\/saude\">An\u00e1lise das presta\u00e7\u00f5es de contas<\/a><\/li>\n<\/ol>\n<p><strong>Contrato de Gest\u00e3o n\u00ba 001\/2017 &#8211; Secretaria Municipal da Sa\u00fade (SMS)\/Funda\u00e7\u00e3o Leandro Bezerra de Menezes (FLBM) &#8211; <span style=\"color: #ff6600;\">Finalizado<\/span><\/strong><\/p>\n<p><em>Realiza a gest\u00e3o das centrais de distribui\u00e7\u00e3o de medicamentos nos terminais de \u00f4nibus do Ant\u00f4nio Bezerra, Conjunto Cear\u00e1, Lagoa, Messejana, Papicu, Parangaba e Siqueira<\/em><\/p>\n<ol>\n<li><a href=\"https:\/\/transparencia.fortaleza.ce.gov.br\/index.php\/contrato\/showLinksContratoDeGestao\/contratoAditivo\/201701\/saude\">Contrato de Gest\u00e3o e Aditivos<\/a><\/li>\n<li><a href=\"https:\/\/transparencia.fortaleza.ce.gov.br\/index.php\/contrato\/showLinksContratoDeGestao\/extratos\/201701\/saude\">Extratos<\/a><\/li>\n<li><a href=\"https:\/\/transparencia.fortaleza.ce.gov.br\/index.php\/contrato\/showLinksContratoDeGestao\/relatorioMetas\/201701\/saude\">Relat\u00f3rio de Metas<\/a><\/li>\n<li><a href=\"https:\/\/transparencia.fortaleza.ce.gov.br\/index.php\/contrato\/showLinksContratoDeGestao\/documentosProcessoContratacao\/201701\/saude\">Documentos do Processo de Contrata\u00e7\u00e3o<\/a><\/li>\n<li><a href=\"https:\/\/transparencia.fortaleza.ce.gov.br\/index.php\/contrato\/showLinksContratoDeGestao\/analisePrestacoesConta\/201701\/saude\">An\u00e1lise das presta\u00e7\u00f5es de contas<\/a><\/li>\n<\/ol>\n<p><strong>Contrato de Gest\u00e3o n\u00ba 002\/2017 &#8211; Secretaria Municipal da Sa\u00fade (SMS)\/Instituto de Sa\u00fade e Gest\u00e3o Hospitalar (ISGH)<\/strong><\/p>\n<p><em>Realiza a gest\u00e3o dos servi\u00e7os de sa\u00fade em 109 UAPS, 2 anexos, 15 CAPS, 1 CEMJA, 1 Policl\u00ednica e 1 CEADH&nbsp;<\/em><\/p>\n<ol>\n<li><a href=\"https:\/\/transparencia.fortaleza.ce.gov.br\/index.php\/contrato\/showLinksContratoDeGestao\/contratoAditivo\/201702\/saude\">Contrato de Gest\u00e3o e Aditivos<\/a><\/li>\n<li><a href=\"https:\/\/transparencia.fortaleza.ce.gov.br\/index.php\/contrato\/showLinksContratoDeGestao\/extratos\/201702\/saude\">Extratos<\/a><\/li>\n<li><a href=\"https:\/\/transparencia.fortaleza.ce.gov.br\/index.php\/contrato\/showLinksContratoDeGestao\/relatorioMetas\/201702\/saude\">Relat\u00f3rio de Metas<\/a><\/li>\n<li><a href=\"https:\/\/transparencia.fortaleza.ce.gov.br\/index.php\/contrato\/showLinksContratoDeGestao\/documentosProcessoContratacao\/201702\/saude\">Documentos do Processo de Contrata\u00e7\u00e3o<\/a><\/li>\n<li><a href=\"https:\/\/transparencia.fortaleza.ce.gov.br\/index.php\/contrato\/showLinksContratoDeGestao\/analisePrestacoesConta\/201702\/saude\">An\u00e1lise das presta\u00e7\u00f5es de contas<\/a><\/li>\n<\/ol>\n<p><strong>Contrato de Gest\u00e3o n\u00ba 001\/2018 &#8211; Secretaria Municipal da Sa\u00fade (SMS)\/Funda\u00e7\u00e3o Leandro Bezerra de Menezes (FLBM) &#8211; <span style=\"color: #ff6600;\">Finalizando<\/span><\/strong><\/p>\n<p><em>Realiza a gest\u00e3o dos servi\u00e7os de sa\u00fade da UPA do Edson Queiroz<\/em><\/p>\n<ol>\n<li><a href=\"https:\/\/transparencia.fortaleza.ce.gov.br\/index.php\/contrato\/showLinksContratoDeGestao\/contratoAditivo\/201801\/saude\">Contrato de Gest\u00e3o e Aditivos<\/a><\/li>\n<li><a href=\"https:\/\/transparencia.fortaleza.ce.gov.br\/index.php\/contrato\/showLinksContratoDeGestao\/extratos\/201801\/saude\">Extratos<\/a><\/li>\n<li><a href=\"https:\/\/transparencia.fortaleza.ce.gov.br\/index.php\/contrato\/showLinksContratoDeGestao\/relatorioMetas\/201801\/saude\">Relat\u00f3rio de Metas<\/a><\/li>\n<li><a href=\"https:\/\/transparencia.fortaleza.ce.gov.br\/index.php\/contrato\/showLinksContratoDeGestao\/documentosProcessoContratacao\/201801\/saude\">Documentos do Processo de Contrata\u00e7\u00e3o<\/a><\/li>\n<li><a href=\"https:\/\/transparencia.fortaleza.ce.gov.br\/index.php\/contrato\/showLinksContratoDeGestao\/analisePrestacoesConta\/201801\/saude\">An\u00e1lise das presta\u00e7\u00f5es de contas<\/a><\/li>\n<\/ol>\n<p><strong>Contrato de Gest\u00e3o n\u00ba 001\/2019 &#8211; Secretaria Municipal da Sa\u00fade (SMS)\/Associa\u00e7\u00e3o Paulista para o Desenvolvimento da Medicina (SPDM)<\/strong><\/p>\n<p><em>Realiza a gest\u00e3o do servi\u00e7o de aten\u00e7\u00e3o domiciliar EMAD-EMAP e dos servi\u00e7os de sa\u00fade no Hospital Infantil L\u00facia de F\u00e1tima, Policl\u00ednica Lusmar Veras Rodrigues, Complexo de Sa\u00fade &#8211; UAPS Jangurussu, Policl\u00ednica Dr. Jo\u00e3o Pompeu Lopes Randal, Hospital Nossa Senhora da Concei\u00e7\u00e3o, UAPS R\u00e9gis Juc\u00e1 e UAPS Acrisio Eufrasino.<\/em><\/p>\n<ol>\n<li><a href=\"https:\/\/transparencia.fortaleza.ce.gov.br\/index.php\/contrato\/showLinksContratoDeGestao\/contratoAditivo\/201901\/saude\">Contrato de Gest\u00e3o e Aditivos<\/a><\/li>\n<li><a href=\"https:\/\/transparencia.fortaleza.ce.gov.br\/index.php\/contrato\/showLinksContratoDeGestao\/extratos\/201901\/saude\">Extratos<\/a><\/li>\n<li><a href=\"https:\/\/transparencia.fortaleza.ce.gov.br\/index.php\/contrato\/showLinksContratoDeGestao\/relatorioMetas\/201901\/saude\">Relat\u00f3rio de Metas<\/a><\/li>\n<li><a href=\"https:\/\/transparencia.fortaleza.ce.gov.br\/index.php\/contrato\/showLinksContratoDeGestao\/documentosProcessoContratacao\/201901\/saude\">Documentos do Processo de Contrata\u00e7\u00e3o<\/a><\/li>\n<li><a href=\"https:\/\/transparencia.fortaleza.ce.gov.br\/index.php\/contrato\/showLinksContratoDeGestao\/analisePrestacoesConta\/201901\/saude\">An\u00e1lise das presta\u00e7\u00f5es de contas<\/a><\/li>\n<\/ol>\n<p><strong>Contrato de Gest\u00e3o n\u00ba 001\/2020 &#8211; Secretaria Municipal da Sa\u00fade (SMS)\/Associa\u00e7\u00e3o Paulista para o Desenvolvimento da Medicina (SPDM) &#8211; <span style=\"color: #ff6600;\">Finalizado<\/span><\/strong><\/p>\n<p><em>Realiza a gest\u00e3o do Hospital de Campanha em raz\u00e3o da calamidade p\u00fablica em decorr\u00eancia da infec\u00e7\u00e3o humana pelo novo Coronav\u00edrus (2019-nCoV)<\/em><\/p>\n<ol>\n<li><a href=\"https:\/\/transparencia.fortaleza.ce.gov.br\/index.php\/contrato\/showLinksContratoDeGestao\/contratoAditivo\/202001\/saude\">Contrato de Gest\u00e3o e Aditivos<\/a><\/li>\n<li><a href=\"https:\/\/transparencia.fortaleza.ce.gov.br\/index.php\/contrato\/showLinksContratoDeGestao\/extratos\/202001\/saude\">Extratos<\/a><\/li>\n<li><a href=\"https:\/\/transparencia.fortaleza.ce.gov.br\/index.php\/contrato\/showLinksContratoDeGestao\/relatorioMetas\/202001\/saude\">Relat\u00f3rio de Metas<\/a><\/li>\n<li><a href=\"https:\/\/transparencia.fortaleza.ce.gov.br\/index.php\/contrato\/showLinksContratoDeGestao\/documentosProcessoContratacao\/202001\/saude\">Documentos do Processo de Contrata\u00e7\u00e3o<\/a><\/li>\n<li><a href=\"https:\/\/transparencia.fortaleza.ce.gov.br\/index.php\/contrato\/showLinksContratoDeGestao\/analisePrestacoesConta\/202001\/saude\">An\u00e1lise das presta\u00e7\u00f5es de contas<\/a><\/li>\n<\/ol>\n<p><strong>Contrato de Gest\u00e3o n\u00ba 002\/2020 &#8211; Secretaria Municipal da Sa\u00fade (SMS)\/Instituto Cisne de Ensino e Pesquisa (ICEPES)<\/strong><\/p>\n<p><em>Realiza a gest\u00e3o dos servi\u00e7os de sa\u00fade na UAPS George Benevides, UAPS Pereira de Almeida, UAPS Graciliano Muniz, UAPS Francisco Monteiro, UAPS Maciel de Brito, UAPS Parque S\u00e3o Jos\u00e9, UAPS Airton Monte, UAPS Fernando Fa\u00e7anha, UAPS Dr. Jo\u00e3o Pessoa, UAPS Eliezer Studart, UAPS Marcus Aur\u00e9lio, UAPS Osmar Viana, UAPS Pedro Sampaio, UAPS C\u00e9sar Cals, UAPS Recamond Capelo, UAPS Abner Cavalcante, UAPS Argeu Herbster, UAPS Guarany Mont&#8217;Alverne e UAPS Jo\u00e3o El\u00edsio&nbsp;<\/em><\/p>\n<ol>\n<li><a href=\"https:\/\/transparencia.fortaleza.ce.gov.br\/index.php\/contrato\/showLinksContratoDeGestao\/contratoAditivo\/202002\/saude\">Contrato de Gest\u00e3o e Aditivos<\/a><\/li>\n<li><a href=\"https:\/\/transparencia.fortaleza.ce.gov.br\/index.php\/contrato\/showLinksContratoDeGestao\/extratos\/202002\/saude\">Extratos<\/a><\/li>\n<li><a href=\"https:\/\/transparencia.fortaleza.ce.gov.br\/index.php\/contrato\/showLinksContratoDeGestao\/relatorioMetas\/202002\/saude\">Relat\u00f3rio de Metas<\/a><\/li>\n<li><a href=\"https:\/\/transparencia.fortaleza.ce.gov.br\/index.php\/contrato\/showLinksContratoDeGestao\/documentosProcessoContratacao\/202002\/saude\">Documentos do Processo de Contrata\u00e7\u00e3o<\/a><\/li>\n<li><a href=\"https:\/\/transparencia.fortaleza.ce.gov.br\/index.php\/contrato\/showLinksContratoDeGestao\/analisePrestacoesConta\/202002\/saude\">An\u00e1lise das presta\u00e7\u00f5es de contas<\/a><\/li>\n<\/ol>\n<p><strong>Contrato de Gest\u00e3o n\u00ba 003\/2020 &#8211; Secretaria Municipal da Sa\u00fade (SMS)\/Associa\u00e7\u00e3o Paulista para o Desenvolvimento da Medicina (SPDM)<\/strong><\/p>\n<p><em>Realiza a gest\u00e3o dos servi\u00e7os de sa\u00fade das Policl\u00ednicas do Passar\u00e9, Bonsucesso e do CAPS Infantil da Regional V<\/em><\/p>\n<ol>\n<li><a href=\"https:\/\/transparencia.fortaleza.ce.gov.br\/index.php\/contrato\/showLinksContratoDeGestao\/contratoAditivo\/202003\/saude\">Contrato de Gest\u00e3o e Aditivos<\/a><\/li>\n<li><a href=\"https:\/\/transparencia.fortaleza.ce.gov.br\/index.php\/contrato\/showLinksContratoDeGestao\/extratos\/202003\/saude\">Extratos<\/a><\/li>\n<li><a href=\"https:\/\/transparencia.fortaleza.ce.gov.br\/index.php\/contrato\/showLinksContratoDeGestao\/relatorioMetas\/202003\/saude\">Relat\u00f3rio de Metas<\/a><\/li>\n<li><a href=\"https:\/\/transparencia.fortaleza.ce.gov.br\/index.php\/contrato\/showLinksContratoDeGestao\/documentosProcessoContratacao\/202003\/saude\">Documentos do Processo de Contrata\u00e7\u00e3o<\/a><\/li>\n<li><a href=\"https:\/\/transparencia.fortaleza.ce.gov.br\/index.php\/contrato\/showLinksContratoDeGestao\/analisePrestacoesConta\/202003\/saude\">An\u00e1lise das presta\u00e7\u00f5es de contas<\/a><\/li>\n<\/ol>\n<p><strong>Contrato de Gest\u00e3o n\u00ba 001\/2024 &#8211; Secretaria Municipal da Sa\u00fade (SMS)\/Institui\u00e7\u00e3o Viva Rio<\/strong><\/p>\n<p><em>Realiza o gerenciamento e execu\u00e7\u00e3o de atividades e servi\u00e7os em sa\u00fade nas UPAS da Vila Velha, Cristo Redentor e do Bom Jardim<\/em><\/p>\n<ol>\n<li><a href=\"https:\/\/transparencia.fortaleza.ce.gov.br\/index.php\/contrato\/showLinksContratoDeGestao\/contratoAditivo\/202401\/saude\">Contrato de Gest\u00e3o e Aditivos<\/a><\/li>\n<li><a href=\"https:\/\/transparencia.fortaleza.ce.gov.br\/index.php\/contrato\/showLinksContratoDeGestao\/extratos\/202401\/saude\">Extratos<\/a><\/li>\n<li><a href=\"https:\/\/transparencia.fortaleza.ce.gov.br\/index.php\/contrato\/showLinksContratoDeGestao\/relatorioMetas\/202401\/saude\">Relat\u00f3rio de Metas<\/a><\/li>\n<li><a href=\"https:\/\/transparencia.fortaleza.ce.gov.br\/index.php\/contrato\/showLinksContratoDeGestao\/documentosProcessoContratacao\/202401\/saude\">Documentos do Processo de Contrata\u00e7\u00e3o<\/a><\/li>\n<li><a href=\"https:\/\/transparencia.fortaleza.ce.gov.br\/index.php\/contrato\/showLinksContratoDeGestao\/analisePrestacoesConta\/202401\/saude\">An\u00e1lise das presta\u00e7\u00f5es de contas<\/a><\/li>\n<\/ol>\n<p><strong>Contrato de Gest\u00e3o n\u00ba 002\/2024 &#8211; Secretaria Municipal da Sa\u00fade (SMS)\/Instituto de Desenvolvimento, Ensino e Assist\u00eancia \u00e0 Sa\u00fade (IDEAS)<\/strong><\/p>\n<p><em>Realiza o gerenciamento e execu\u00e7\u00e3o de atividades e servi\u00e7os em sa\u00fade nas UPAS do Itaperi, Edson Queiroz e do Jangurussu<\/em><\/p>\n<ol>\n<li><a href=\"https:\/\/transparencia.fortaleza.ce.gov.br\/index.php\/contrato\/showLinksContratoDeGestao\/contratoAditivo\/202402\/saude\">Contrato de Gest\u00e3o e Aditivos<\/a><\/li>\n<li><a href=\"https:\/\/transparencia.fortaleza.ce.gov.br\/index.php\/contrato\/showLinksContratoDeGestao\/extratos\/202402\/saude\">Extratos<\/a><\/li>\n<li><a href=\"https:\/\/transparencia.fortaleza.ce.gov.br\/index.php\/contrato\/showLinksContratoDeGestao\/relatorioMetas\/202402\/saude\">Relat\u00f3rio de Metas<\/a><\/li>\n<li><a href=\"https:\/\/transparencia.fortaleza.ce.gov.br\/index.php\/contrato\/showLinksContratoDeGestao\/documentosProcessoContratacao\/202402\/saude\">Documentos do Processo de Contrata\u00e7\u00e3o<\/a><\/li>\n<li><a href=\"https:\/\/transparencia.fortaleza.ce.gov.br\/index.php\/contrato\/showLinksContratoDeGestao\/analisePrestacoesConta\/202402\/saude\">An\u00e1lise das presta\u00e7\u00f5es de contas<\/a><\/li>\n<\/ol>\n","protected":false},"excerpt":{"rendered":"<p>Os dados e materiais apresentados a seguir s\u00e3o do Portal da Transpar\u00eancia da Prefeitura Municipal de Fortaleza. Destacamos que, o material disponibilizado a seguir ser\u00e1 analisado pelas Comiss\u00f5es do CMSF para posterior encaminhamentos. (Em processo de atualiza\u00e7\u00e3o) Contrato de Gest\u00e3o \u00e9 um instrumento que permite ao Poder P\u00fablico contratar \u00f3rg\u00e3os<\/p>\n","protected":false},"author":2,"featured_media":0,"parent":0,"menu_order":0,"comment_status":"closed","ping_status":"closed","template":"","meta":[],"_links":{"self":[{"href":"https:\/\/cmsf.sms.fortaleza.ce.gov.br\/index.php?rest_route=\/wp\/v2\/pages\/3584"}],"collection":[{"href":"https:\/\/cmsf.sms.fortaleza.ce.gov.br\/index.php?rest_route=\/wp\/v2\/pages"}],"about":[{"href":"https:\/\/cmsf.sms.fortaleza.ce.gov.br\/index.php?rest_route=\/wp\/v2\/types\/page"}],"author":[{"embeddable":true,"href":"https:\/\/cmsf.sms.fortaleza.ce.gov.br\/index.php?rest_route=\/wp\/v2\/users\/2"}],"replies":[{"embeddable":true,"href":"https:\/\/cmsf.sms.fortaleza.ce.gov.br\/index.php?rest_route=%2Fwp%2Fv2%2Fcomments&post=3584"}],"version-history":[{"count":36,"href":"https:\/\/cmsf.sms.fortaleza.ce.gov.br\/index.php?rest_route=\/wp\/v2\/pages\/3584\/revisions"}],"predecessor-version":[{"id":3858,"href":"https:\/\/cmsf.sms.fortaleza.ce.gov.br\/index.php?rest_route=\/wp\/v2\/pages\/3584\/revisions\/3858"}],"wp:attachment":[{"href":"https:\/\/cmsf.sms.fortaleza.ce.gov.br\/index.php?rest_route=%2Fwp%2Fv2%2Fmedia&parent=3584"}],"curies":[{"name":"wp","href":"https:\/\/api.w.org\/{rel}","templated":true}]}}